 + 2*f + 36. List the prime factors of u.
3, 7
Let f(d) = -16*d + 3. Suppose 3 = 2*o - 3*o. What are the prime factors of f(o)?
3, 17
Let k = 25 + -5. List the prime factors of k.
2, 5
Let l be (-1 + 1 + -5)/(-1). Suppose -4*j + 19 + 17 = -i, j - i - 6 = 0. Suppose -h = 2*d - j, 0 = l*h - 9*h - 8. What are the prime factors of d?
2, 3
Let n(y) = y**3 + 16*y**2 - 10*y + 20. List the prime factors of n(-16).
2, 3, 5
Let x(v) = -v**3 - 6*v**2 - 7*v. Let o be x(-5). Let z(h) = -o*h**2 + 2*h**2 - 4 + 5*h + h**3 - 12*h. List the prime factors of z(9).
2, 7
Let f = -5 - -11. Suppose -4*r = -2*r - 6. List the prime factors of (r + 5)*f/8.
2, 3
Let d(v) be the first derivative of -3*v**2 + 3 - 1/4*v**4 - 6*v - 4/3*v**3. List the prime factors of d(-4).
2, 3
Let x(q) = 0*q**3 + 3*q - q**2 + 3*q**2 - q**3 - 1. Let h(f) = 2*f**2 - f + 1. Let n be h(1). List the prime factors of x(n).
5
Let t be ((-2)/4)/(5/(-560)). Suppose 0*c + t = 4*c. What are the prime factors of c?
2, 7
Suppose -2*y + 5*y = -3*j + 33, 0 = -4*y + 2*j + 68. Suppose -y = -4*l + l. What are the prime factors of l?
5
Let u(j) = j - 5. Let h be u(10). Suppose y + 80 = h*y. Suppose -i + 2*i = y. List the prime factors of i.
2, 5
Suppose 2*i + 1404 = 8*i. List the prime factors of i.
2, 3, 13
Let d = 38 - 16. Suppose -l - 4*w = -d, 5*l + 51 - 218 = -w. What are the prime factors of l?
2, 17
Let v(g) = -g**3 - 7*g**2 - 6*g - 3. Let u(y) = 2*y**3 + 13*y**2 + 11*y + 6. Let w(m) = 4*u(m) + 7*v(m). List the prime factors of w(-2).
3
Suppose 184 - 648 = -4*u + 2*t, 3*u + 3*t - 348 = 0. What are the prime factors of u?
2, 29
Let k(x) = 2*x. Let u(p) = -p - 1. Let d(q) = -k(q) - u(q). Let c be d(-4). Suppose -4*b = -3*m + 5*m - 14, -c*b = 2*m - 18. What are the prime factors of b?
2
Let y(q) = q**3 + q**2 + q + 1. Let c(i) = -2*i**3 - 6*i**2 + i - 4. Let g(h) = c(h) + 3*y(h). List the prime factors of g(3).
11
Let j = 82 + -44. What are the prime factors of j?
2, 19
Suppose 10*d = 6*d + 108. What are the prime factors of d?
3
Suppose g = 4 + 1. List the prime factors of (0 + 6/g)*10.
2, 3
Let w be 0 - (-2 - 2)*2. Suppose -4*z + 9*z - 25 = 0. Suppose -z*n - 2*g = -61, -g + w = n - 2*g. List the prime factors of n.
11
What are the prime factors of 1*(1 + -4) - -30?
3
Let h(g) = g**2 - g + 2. Let t be (-1)/(-3) + 20/12. Suppose 31 = 5*m + 4*z, 2*m + 0*z - 14 = -t*z. What are the prime factors of h(m)?
2
Let o = -37 + 52. Suppose -4*l + n = -n - 10, 4*n - 45 = -5*l. Let w = o - l. What are the prime factors of w?
2, 5
Let s(q) = -6*q - 4. Let l be s(-2). Let n(z) = -z**2 + 10*z + 11. List the prime factors of n(l).
3
Let f = 6 + -1. Suppose -4 - 1 = -f*l. Suppose -2*x + 9 = 4*p - 13, -x = -2*p + l. What are the prime factors of x?
5
Let v(s) be the first derivative of s**3 - s**2/2 - 10. Let b(u) = -u**2 - 4*u - 2. Let r be b(-3). What are the prime factors of v(r)?
2
Suppose 255 = 8*n - 3*n. List the prime factors of n.
3, 17
Let p = 7 + -3. Suppose p*w + 52 = 3*k - 7*k, -w - 1 = -3*k. Let h(v) = v**2 + 9*v - 1. List the prime factors of h(w).
3
List the prime factors of -2*(2 - 3)*2.
2
What are the prime factors of (66/(-4) + 1)*72/(-12)?
3, 31
Suppose -8*v = -7*v - 92. What are the prime factors of v?
2, 23
What are the prime factors of 11/(-66) + (-271)/(-6)?
3, 5
Let z(x) = -x**3 - 8*x**2 + x + 11. Let q be z(-8). Let w(l) = 2 + 6*l + 2*l**2 - l**2 - 5*l. List the prime factors of w(q).
2, 7
Let u(z) = -2*z - 5. Let i be u(-4). Let b be i/(2 + 13/(-8)). Let f(t) = -t**3 + 7*t**2 + 8*t + 8. List the prime factors of f(b).
2
Suppose -2*d = -5*d. Suppose 4*i - 3*i - 9 = d. What are the prime factors of i?
3
Suppose -4*j = 2*a - j - 5, 0 = -4*j - 4. Suppose 3*z = -a - 2. Let n(x) = -5*x. List the prime factors of n(z).
2, 5
Suppose 8*r - 6*r - 248 = 0. List the prime factors of r.
2, 31
Suppose -4*m + 515 = 103. List the prime factors of m.
103
Suppose d - 119 = 153. What are the prime factors of d?
2, 17
Let r(i) = -i**3 + 9*i**2 + i - 8. What are the prime factors of r(8)?
2
Suppose -3*l = -y - 0*y - 14, -5*y = -l. Let d = 1 + y. Let o(v) = 2*v**3 + v**2 - 2*v + 2. List the prime factors of o(d).
2, 3
Suppose -563 = 8*g - 3315. What are the prime factors of g?
2, 43
Let r(j) = -2*j**2 + 3*j + 8. Let z be r(6). Let l = 75 + z. List the prime factors of l.
29
Let f be (-5)/((-1)/8*2). Suppose 3*p = p - f. List the prime factors of 69/15 + 6/p.
2
Let z = 1 + 4. Suppose -4*j - 1 = 2*y - z, 4*j - 2*y - 12 = 0. What are the prime factors of 1/(j/(-2 + 16))?
7
Let q be (3/3)/((-2)/(-2)). Suppose 2*m = -t + 5, -3*m - 5*t - q = -6*m. Suppose -3*j - 1 = -5*k + 8, 3*k - 5 = m*j. What are the prime factors of k?
3
Let i(v) = v**3 + 13*v**2 - 16*v - 14. List the prime factors of i(-14).
2, 7
Let c = 8 + -11. Let d be (c/2)/(12/(-16)). What are the prime factors of 1/(d/((-16)/(-2)))?
2
What are the prime factors of ((-10)/(-25))/((-2)/(-110))?
2, 11
Suppose m = -3*m + 200. Let y be 3 - 2*2/4. Suppose -3*o + m = y*o. List the prime factors of o.
2, 5
Let p = 82 - 20. Let m = -33 + p. What are the prime factors of m?
29
Let k(d) be the third derivative of d**7/5040 + d**6/72 - d**5/30 + d**2. Let r(y) be the third derivative of k(y). What are the prime factors of r(-7)?
3
Suppose 0 = 2*r - 5*r + 171. What are the prime factors of r?
3, 19
Suppose -221 = -12*p + 199. What are the prime factors of p?
5, 7
Let c(f) = -4*f + 5. What are the prime factors of c(-8)?
37
List the prime factors of (-40)/6*(-2 + 1/(-1)).
2, 5
Let y(j) = -4*j**2 + 8*j + 2. Let b(q) be the second derivative of q**4/12 + q**2/2 + 2*q. Let m(k) = 5*b(k) + y(k). What are the prime factors of m(-8)?
7
Suppose -5 = v + 4*v, -4*w + 3*v + 79 = 0. List the prime factors of w.
19
Suppose -5*m + 0*h + 123 = 3*h, 0 = -5*m + 5*h + 115. What are the prime factors of m?
2, 3
List the prime factors of (7 + (-1 - 5))*(22 + 0).
2, 11
Suppose -4*r = 8, -o + 4*r + 8 = 2*o. Suppose o = -p - a + 3*a + 18, p - 21 = 3*a. What are the prime factors of p?
2, 3
Let u be 3/((-9)/(-78)) + 0. Let w = 38 - u. List the prime factors of w.
2, 3
Suppose 4*k = -3*d + 7*d - 8, 0 = 2*d + 4. Let v be (8/5)/(k/(-30)). Let x = v + -3. What are the prime factors of x?
3
Let o(z) = z**2 + 5*z - 21. List the prime factors of o(-12).
3, 7
Let s(f) = -14*f**2 - f - 1. Let u be s(-1). Let n = u + 26. List the prime factors of n.
2, 3
Let t(r) = r**3 + 11*r**2 - r + 1. Let p be 2/10 + (-352)/10. Let z = p - -24. List the prime factors of t(z).
2, 3
Suppose -14 = -4*c - 42. Let h = c - -12. Suppose 0 = -t + 7 + h. What are the prime factors of t?
2, 3
Suppose -3 = -0*f - 3*f, 5*r - 2*f = 153. Suppose -4*a - a = 4*y - 23, 4*a = -5*y + r. What are the prime factors of y?
7
Suppose w - 94 = -w. What are the prime factors of w?
47
Let g(o) = 2*o**2 - 12*o - 14. What are the prime factors of g(10)?
2, 3, 11
Let o = 144 + -70. List the prime factors of o.
2, 37
Suppose 0 = 41*a - 38*a - 108. What are the prime factors of a?
2, 3
Suppose -336 = -4*l + 348. Let v be 1/(-4) - l/(-12). Suppose v = 2*p - 4*o, -3*o - 3 = 3. What are the prime factors of p?
3
Suppose -u - 4*x - 24 = u, -4*x - 20 = 0. Let g = 4 + u. List the prime factors of g.
2
Let h be (3/5)/((-15)/(-150)). List the prime factors of -4*3/h - -57.
5, 11
Let s = 1 - -87. What are the prime factors of s?
2, 11
Let o be (-4)/(-2)*18/12. Suppose -4*q + v + 38 = q, 15 = o*q + 2*v. Suppose -q = -t + 1. What are the prime factors of t?
2
Suppose -4*d - 29 = 2*l - 223, l = -5*d + 250. Suppose -v = 2*v - d. What are the prime factors of v?
17
Suppose a - 2 = 2*i, -3*i - 12 = i - 4*a. Let c be -1*(-1 + 0 - i). List the prime factors of (-9 - -3)*c/(-1).
2, 3
Suppose 4*h - 36 = 3*b + 2*b, 2*h + 3*b - 18 = 0. What are the prime factors of (-1*h)/(-1) + -1?
2
Suppose 2*s = 0, -4*s = c - 3*s - 9. What are the prime factors of c?
3
Let a be (-2)/4 - (-7)/2. Suppose 5 = a*w - 13. List the prime factors of w.
2, 3
Let g = 4 + 1. Suppose y + g = 5*c, 3*c + 0*c = 3*y + 3. Suppose t = -c + 3. List the prime factors of t.
2
List the prime factors of ((-9)/6)/(-3)*300.
2, 3, 5
Let j be 2 - (1 + (-1)/1). Let a(i) = 2*i**2 + i - 1. List the prime factors of a(j).
3
Suppose -3648 + 1432 = -8*d. What are the prime factors of d?
277
What are the prime fact